 4*c**2 + 8*c - 4. Let a be b(5). Let q = -7 + a. Let t(k) = -k**3 + 4*k**2 + 2*k - 4. What is the units digit of t(q)?
4
Let k = 309 - 127. What is the units digit of k?
2
Suppose x - 19 + 1 = 0. Suppose -33 - x = -3*t. What is the units digit of t?
7
Let s be 3/(-1) + 260/4. Suppose s = 3*o - o. What is the tens digit of o?
3
Let a = 44 - 1. What is the tens digit of a?
4
Let p be 28/10 + (-2)/(-10). Suppose -92 = -h - p*h. Let m = h - 10. What is the tens digit of m?
1
Suppose 3*t + 82 = 5*t. What is the units digit of t?
1
Suppose -2*g - 3*p - 1 = -0, -3*g = p + 5. What is the tens digit of g/(-6) - (-434)/21?
2
Let a = 7 - 0. Suppose a = 5*l + 3*k - k, l + 5*k = -17. What is the units digit of l?
3
Let w(x) = x**3 + 8*x**2 + 6*x - 4. What is the tens digit of w(-4)?
3
Let l(v) = v**2 + v - 2. Let i be l(-3). Suppose -3*w = -i*w + 4. Suppose 4*m = j - 11, -2*j + w = 2*j + 4*m. What is the units digit of j?
3
Let r(j) = -91*j - 2. What is the hundreds digit of r(-2)?
1
Suppose 10*w + 72 = 12*w. What is the units digit of w?
6
Let o = 8 + -6. Suppose 5*c = o + 13. What is the units digit of c?
3
Suppose 0 = 5*i - 2*i. Suppose i = -2*t + 12 + 62. What is the units digit of t?
7
Let h(b) = 11*b - 7. What is the tens digit of h(3)?
2
Suppose h + 2 - 36 = -5*v, -3*v = 3*h - 114. What is the units digit of h?
9
Let q be 0/(-2 + 0) - -2. Suppose -2*s - q*s = 0. Suppose -i + s*i = -3. What is the units digit of i?
3
What is the hundreds digit of -3 + (-2445)/(-20) + 1/(-4)?
1
Suppose 0*x = -x + 52. What is the tens digit of x?
5
Let s = 113 + -69. What is the units digit of s?
4
Suppose 139 = 3*h + 5*k, 5*h + k - 381 = -142. What is the units digit of h?
8
Suppose -2*g = -4*g + 178. What is the tens digit of g?
8
Let n be (1 - 3/(-6))*2. Let q = n + -11. Let t(w) = w**3 + 7*w**2 - 8*w + 7. What is the units digit of t(q)?
7
Let f = 14 + -7. Let u(o) = o + 7. What is the units digit of u(f)?
4
Suppose 0 = 169*w - 174*w + 1885. What is the units digit of w?
7
Let x be 1/(3/3 - 2). Let v = x - 3. Let u = 7 + v. What is the units digit of u?
3
What is the units digit of 251/6 - 2/(-12)?
2
Suppose -5*r - 23 + 103 = 2*v, 0 = -4*v - 20. Let a = -3 + r. What is the units digit of a?
5
Suppose -v = -3*c + 4*v - 9, -3*v = -9. Suppose -3*n = -n + c. What is the units digit of -1*(-2 - n)*3?
3
Let i be (-10)/1*8/(-16). Let u = 1 + i. What is the units digit of u?
6
Suppose 2*x = -0*c + 5*c - 27, 5*c - 19 = 4*x. Let v(g) = -g**2 + 9*g - 2. What is the tens digit of v(c)?
1
Let l(h) = -5*h**2 + 2*h + 4*h**2 + 2*h**2 + 2. What is the tens digit of l(-4)?
1
Let l(n) = n**3 - 16*n**2 + 5*n - 10. What is the tens digit of l(16)?
7
Suppose -q = -5*q - 8. Let n(o) = -7*o**3 - 4*o**2 - 4*o - 2. What is the tens digit of n(q)?
4
Suppose 2*d + 4*u - 44 = 0, -2*d + 96 = 3*d - 4*u. Suppose 3*i - d = -4*x, -3*i + 0*i + x + 25 = 0. What is the units digit of i?
8
Let w be 1*0/1 - -4. Suppose 0 = z + 1 - w. What is the units digit of z?
3
Let s(g) = 10*g**3 + 3*g**2 - 5*g + 5. What is the tens digit of s(2)?
8
Suppose 5*y - 289 = 231. What is the hundreds digit of y?
1
Let k(y) = 9*y + 5. Let o(p) = -2*p - 9. Let s be o(-6). What is the units digit of k(s)?
2
What is the tens digit of ((-1)/2)/(9/(-1026))?
5
Let h = -7 + 7. Suppose h*c = 5*c - 40. What is the units digit of c?
8
Let x = -1 + 0. Let b = x + 0. What is the tens digit of (4 + b)*(-30)/(-9)?
1
Suppose -v + 6 - 3 = 0. Suppose -v = 3*c - 42. What is the units digit of c?
3
Suppose 0*f = -2*f + 152. What is the tens digit of f?
7
Let s(g) = g**2 + 8*g + 1. Let k = 3 + -10. Let z be s(k). What is the units digit of (z/(-5))/((-6)/(-20))?
4
Let g(r) = -r**2 - r + 92. What is the tens digit of g(0)?
9
Let i(z) = z**3 + 9*z**2 + 7*z + 2. Suppose o = -7 - 1. What is the tens digit of i(o)?
1
Suppose 0 = -2*q + 3*l + 4, -4*q + 9*q = -2*l + 29. Suppose 0 = -q*b - 0*b + 85. What is the tens digit of b?
1
Let l(r) = 2*r + 4. Suppose 4*v = -g + 7, 0*g + 5*v = 3*g - 21. What is the tens digit of l(g)?
1
Let j(l) = 3*l**3 - l. What is the units digit of j(2)?
2
Suppose -h + 2*h = 2*i + 253, 4*i = -8. What is the hundreds digit of h?
2
Let o be 5/(-4)*(-40)/(-10). Let t(q) = -4*q + 1. What is the units digit of t(o)?
1
Let v(r) = r - 1. Let y be v(-2). Let b be 1/y - 35/(-15). Suppose -b*l + 7 = -3*a - 28, 0 = -l - 4*a - 10. What is the units digit of l?
0
What is the units digit of (4 + -2)*(-58)/(-2)?
8
Let d be 5/((-3)/6*-2). Let l = d + -2. What is the units digit of 24/l - (2 + -1)?
7
Let r be ((-18)/4)/((-6)/12). Let g = r - 13. What is the units digit of ((-4)/(-6))/(g/(-24))?
4
What is the units digit of (-12)/21 - -3*816/21?
6
Let n be (1 - 5)*9/(-6). Suppose 0*s = 4*s. Let l = n - s. What is the units digit of l?
6
Let l(u) = u**3 + 3*u**2 + 2*u + 4. Let h be l(-3). Let j = 15 + h. What is the units digit of j?
3
Suppose 254 = -5*w + 2*x, 4*w + 198 = -2*x + x. Let i = w + 72. What is the units digit of i?
2
Suppose 4*u = 91 + 93. What is the tens digit of u?
4
Let c = -3 - -5. What is the units digit of (-1*c)/((-10)/30)?
6
Let o be (-9)/12 - 69/(-12). Let t = 0 + o. What is the units digit of t?
5
What is the units digit of (-315)/42*104/(-10)?
8
Let q(w) = -w**3 + 14*w**2 - 3*w - 15. What is the hundreds digit of q(13)?
1
Let w be 208/(-12) - (-4)/(-6). Let l be (-3)/w*4*39. Let x = 43 - l. What is the units digit of x?
7
Let m(w) be the first derivative of -2 - 7*w - 11/3*w**3 + 1/4*w**4 + 1/2*w**2. What is the units digit of m(11)?
4
Let g(r) = -r - 26. Let c be g(-12). Let x = c - -35. What is the units digit of x?
1
What is the tens digit of (20/(-3))/(4 + 440/(-108))?
9
Suppose -w - 5*y = 6, 0 - 30 = 5*w - 3*y. Let t(l) = -l**3 - 6*l**2 + 1. Let c be t(w). Let d = c - -10. What is the tens digit of d?
1
What is the tens digit of (-19*6)/(-2) - 0?
5
Let a = -54 + 135. Let q be (-2)/9 - (-18)/a. Let n(o) = -o + 10. What is the tens digit of n(q)?
1
Suppose -4*k - 5*q - 20 = -2*k, -q = 5*k + 4. Suppose -g - 4*g + 10 = k. Suppose 4*p + 4*a = -a - 21, g*p = 5*a + 27. What is the units digit of p?
1
Let j = 8 + -6. Let c = 0 + j. Suppose h - 21 = -c*o, -o = -2*o + 3. What is the units digit of h?
5
Let m be 4/(-8)*-2*85. Suppose -3*s + 30 = -w - m, s - 5*w = 29. What is the units digit of s?
9
Suppose 1 = -4*b + 17. Suppose -3*q = -0*n - n - 7, -b*n - 3*q = 88. Let t = n - -27. What is the units digit of t?
8
Suppose -3*h + 5*n = 67, 15 = 2*n + 5. Let q = 3 + -4. What is the units digit of (q + 3)/((-4)/h)?
7
Let b(c) = 5*c**2 + 2*c + 1. Let a be b(-1). Suppose -5*v - 22 = s, 0*s + 10 = -a*v + 3*s. Let j = v - -10. What is the units digit of j?
6
Let q(u) = u**2 - 8. Let j be q(-5). Suppose 0 = -4*i - 2*a + 36, -j - 13 = -3*i - 3*a. What is the units digit of i?
8
Let d(g) = -g**3 - 9*g**2 - 5*g + 1. Let k be d(-6). What is the units digit of (-4)/14 - 869/k?
1
Let y be (-39)/(-3)*4 + 3. Suppose -y = 3*d - 8*d. What is the tens digit of d?
1
Let i be 1/(-2) - 9/(-2). Let g be (0 - -24)*5/i. Let c = g - 21. What is the units digit of c?
9
Let h(d) be the first derivative of -d**3/3 + 11*d**2/2 - 8*d - 1. What is the tens digit of h(8)?
1
Let x(b) be the first derivative of -b**4/4 + 11*b**3/3 + 10*b - 4. What is the tens digit of x(11)?
1
Let u(r) = 18 + r - 22 + 19. What is the units digit of u(-7)?
8
Let k = 2 - -3. What is the units digit of (k/20)/(2/344)?
3
Let j(w) = -3*w**2 - 12*w + 9. Let v(a) = 2*a**2 + 8*a - 6. Let b(m) = 5*j(m) + 7*v(m). Let u = -3 - 1. What is the units digit of b(u)?
3
Suppose v = n + 2*v - 21, -12 = -n - 4*v. Suppose 5*l + 199 = 4*d, -2*d + n + 63 = -5*l. What is the tens digit of d?
5
Let w(k) = 3*k**2 + 21*k - 21. What is the tens digit of w(-11)?
1
Let x = -2 - -5. Let w(p) = -7*p - 2. Let d be w(-2). Suppose u - d = -x*u. What is the units digit of u?
3
Suppose 2*q - 19 - 11 = 0. Suppose 3*t - q = 3*b, 4 = 3*t - 4*b - 8. What is the units digit of t?
8
Let n(a) = -a**3 + 10*a**2 + 12*a - 8. Let h be n(11). Suppose -h*s + 13 = -29. What is the tens digit of s?
1
Let f(x) = 2*x - 24. Let d be f(13). Suppose -d*n = 6 - 54. What is the units digit of n?
4
Suppose -a + 3 = 5. What is the units digit of -6*-1*(-1)/a?
3
Let f = -6 + 5. Let d = 2 - f. What is the units digit of d?
3
Supp